24 and p.
3
Suppose 0*x = 3*x - 81. Suppose -w - x = -4*w. Suppose -2*h + 3*c = -14 - w, -3*c = -h + 19. Calculate the highest common divisor of 4 and h.
4
Let j(b) be the second derivative of -b**4/12 - 4*b**3/3 + 3*b**2/2 - 3*b. Let s be j(-8). What is the greatest common divisor of s and 15?
3
Let s be ((-7)/(-14))/((-2)/(-176)). What is the highest common factor of 11 and s?
11
Let m(t) = t**2 + 5*t + 2. Let w be m(-5). Calculate the greatest common factor of w and 3.
1
Let n be (-206)/(-5) + (-3)/15. Suppose 0 = 5*x - n - 9. Let d = -91 + 201. What is the greatest common factor of d and x?
10
Let l(c) be the third derivative of c**5/60 + c**4/8 - 5*c**2. Let o be l(-5). Calculate the greatest common factor of o and 20.
10
Let j be 4/(-14) - (-64)/28. Let s = j - -18. Calculate the highest common divisor of s and 50.
10
Suppose -2*l - 2*l + 120 = 0. Calculate the greatest common factor of l and 75.
15
Suppose 4*y = 6*y - 54. Let h(n) = -n**3 - 5*n**2 - n + 1. Let u be h(-5). Let m be u/27 - (-1398)/y. What is the greatest common factor of m and 13?
13
Let l(j) = 5*j. Let n be l(-1). Let k(i) = -i**3 - 6*i**2 - 6*i + 1. Let m be k(n). Let f = 101 - 47. Calculate the highest common divisor of m and f.
6
Let s = 40 - 24. What is the greatest common factor of s and 2?
2
Let o(b) = -b**3 + 4*b**2 - 3*b + 2. Let i be o(3). Let u be -1 - (i + -1 - 72). What is the highest common divisor of u and 10?
10
Let w = 85 - -115. What is the greatest common divisor of w and 25?
25
Suppose 2 = 2*d - 6. Suppose -37 = -d*t + 35. Calculate the highest common factor of t and 18.
18
Suppose -5*c + 12 = 2. Suppose 4*q - c = 22. Let h be (2/q)/(1/9). What is the greatest common factor of h and 15?
3
Let y be (-2 + 2)/(1*-1). Suppose j + 122 = 5*d, 0 = 2*d - 0*j - 5*j - 58. Suppose -3*w + 6 + d = y. Calculate the highest common divisor of w and 2.
2
Suppose -2*u - u = -210. Calculate the greatest common factor of 10 and u.
10
Let l = 16 + -14. Let v be l*5/((-40)/(-36)). What is the highest common divisor of v and 81?
9
Let h(i) = 19*i - 12. Let x be h(7). Let w(l) = -l**3 - 2*l**2 + 6*l + 3. Let t be w(-4). Calculate the greatest common divisor of x and t.
11
Let o(y) = 2*y + 5. Let g be o(1). Let t be ((-2)/(-4))/(2/112). Calculate the greatest common divisor of t and g.
7
Suppose -3*l + 13 = 4*h, 2 = 5*h - 4*l + 9. Calculate the highest common divisor of h and 9.
1
Let y(l) = l - 1. Let v(c) = 8*c - 5. Let b(x) = v(x) + y(x). Let i be b(6). What is the highest common divisor of 6 and i?
6
Let p be 4/(-6) - (-52)/6. Let i be -8*(-1 + 2 + -2). Calculate the highest common factor of i and p.
8
Let c(l) = 8*l**2 + 18*l. Let s be c(-6). Calculate the highest common divisor of 36 and s.
36
Suppose -f - 2*b - 2 = -5, 2*b - 21 = 5*f. Let i be (-2)/f + 58/3. Calculate the highest common divisor of i and 5.
5
Let n = -9 + 15. Let k be 28/6 - (-2)/(-3). Suppose -k*g + 3*t = -264, -3*t = -g - 4*g + 330. What is the greatest common divisor of g and n?
6
Let l be (-6)/3*(2 - 6). Let w be (-6)/10 + (-1329)/(-15). Calculate the highest common factor of l and w.
8
Let j = 4 - -5. Suppose 0 = -l + 2*l - 72. What is the highest common factor of j and l?
9
Suppose 3*j = 4*q - 47, -q - j - 2 = j. Suppose 3*g = 3*f + 41 - q, 5 = g - 3*f. Let v = -16 + 30. What is the greatest common factor of v and g?
14
Let m = -19 - -10. Let b(a) = -14*a + 6. Let x be b(m). Calculate the greatest common factor of 12 and x.
12
Suppose -3*y + 5*b + 99 = -106, 0 = 5*y + 5*b - 275. Calculate the highest common divisor of y and 15.
15
Let p(x) = x**2 - 6*x + 14. Let z be p(8). Let f(n) = -n**3 - 16*n**2 - 2*n - 17. Let w be f(-16). Calculate the highest common factor of z and w.
15
Let u(i) = i**3 - 12*i**2 - 26*i - 16. Let t be u(14). Let z = -29 - -53. What is the highest common divisor of t and z?
12
Suppose -4*h = 4, 79 = 4*w - 5*h + 10. Let z(f) = -f**3 + 6*f**2 + f + 2. Let b be z(6). Calculate the highest common factor of w and b.
8
Let t = -15 - -11. Let j = t + 15. Calculate the highest common divisor of j and 11.
11
Let r = 66 - 39. Calculate the greatest common divisor of 9 and r.
9
Let n = -10 - -15. Calculate the greatest common divisor of n and 2.
1
Let x be ((-66)/(-9))/((-6)/(-63)). Let h = -64 - -71. What is the greatest common factor of x and h?
7
Suppose c = 2 + 1. Suppose 5*m - 104 = -c*m. What is the highest common divisor of m and 13?
13
Let w = 30 + -18. Suppose -2*z - w = -6*z. Let a = 49 + -25. Calculate the highest common factor of z and a.
3
Let l(k) = 97*k + 21. Let i(j) = -48*j - 10. Let r(f) = -5*i(f) - 2*l(f). Let t be r(-6). Let w = t - -396. Calculate the highest common divisor of 16 and w.
16
Let y be (28/6 - -2)*-6. Let v = y - -88. What is the highest common divisor of v and 6?
6
Suppose 3*i + 11 - 35 = p, -5*p + 32 = 4*i. What is the highest common factor of i and 32?
8
Suppose 4*n - 85 = -0*n - 3*q, 0 = -2*q + 6. Calculate the greatest common divisor of 38 and n.
19
Suppose 0 = 4*d + 4, d - 4*d = -h + 22. Let o = 17 + -26. Let j = o + h. What is the highest common factor of 30 and j?
10
Let s(v) = -2*v**2 + 29*v - 3. Let c be s(13). Calculate the highest common factor of 54 and c.
18
Let w(n) = 3*n - 9. Let s be w(6). Let i be 2/s - 284/(-18). Let k be ((-3)/2)/(3/(-16)). What is the greatest common divisor of k and i?
8
Let s be 12/(-10)*90/(-12). Suppose -5*h + 31 = -0*h - l, 3*l = -2*h + s. Calculate the highest common divisor of 9 and h.
3
Let d = 54 - 36. Calculate the greatest common factor of d and 12.
6
Suppose -8*u = -u - 28. Let i(n) = n**3 + 6*n**2 + 3. Let d be i(-5). What is the greatest common divisor of u and d?
4
Let c be -5*(-2 - -1) - 0. Suppose h = -2*f - 3*f - 89, -2*h - 3*f = 178. Let u be 3/6 - h/2. Calculate the greatest common factor of u and c.
5
Suppose -3*u - 2*x = -37 - 17, x + 77 = 5*u. Calculate the greatest common factor of u and 16.
16
Suppose 7*q = 9*q - 100. Calculate the greatest common factor of 250 and q.
50
Let i(t) = -t**2 - 2*t + 3. Let y be i(-3). Suppose y*f - f = 0. Let w be 3/((-3)/(-8)) - f. What is the greatest common factor of w and 8?
8
Let p = -30 + 34. Let y(h) = h**2 + 10*h + 8. Let b be y(-6). Let n = b + 24. Calculate the greatest common divisor of p and n.
4
Let w be 179 - (3/(-2))/((-4)/(-8)). Calculate the greatest common factor of w and 14.
14
Let b = -334 - -514. Calculate the highest common factor of b and 20.
20
Suppose -4*r + 25 = -59. What is the highest common factor of 49 and r?
7
Let o be 0 + -44 + -1 + -3. Let u be 3/(-3 + (-147)/o). Suppose 2*v - 4*r - 80 = 0, r - 156 = v - 6*v. What is the highest common divisor of v and u?
16
Suppose 5*r + 0*r = 5. Let a be (-2*1 - -3) + -4. Let p = -2 - a. What is the greatest common factor of r and p?
1
Suppose t - 8 = -0*t. What is the highest common factor of 20 and t?
4
Suppose -17*d = -16*d - 12. Let z(o) = -4*o**3 - o + 2. Let b be z(-2). Calculate the highest common divisor of b and d.
12
Suppose 4 = 10*x - 6*x. Let t be 129 + -7 + (-1)/x. What is the greatest common divisor of 11 and t?
11
Let b = 15 + -11. Suppose -5*l = -b*l + z - 8, 3*l + 1 = 2*z. Suppose -q - 3*n + 94 = 3*q, 70 = l*q + 2*n. Calculate the greatest common factor of 11 and q.
11
Suppose -22 - 128 = -5*a. What is the highest common factor of a and 20?
10
Let w(s) = -s**3 - 15*s**2 - 3*s - 28. Let v be w(-15). Calculate the highest common divisor of 51 and v.
17
Let o = 3 + 3. What is the highest common factor of 9 and o?
3
Let r be 0 + (-2 - -1*2). Suppose -w + 4*w + 63 = r. Let t be (-330)/w - (-4)/14. What is the highest common divisor of t and 4?
4
Let a be (2 - 3) + 1 + 45. Let n = a - 15. Calculate the highest common factor of 10 and n.
10
Let q be (44/(-33))/(4/(-6)). Suppose 5*z - 18 = 5*c + 2, -c + 4 = z. What is the greatest common divisor of q and z?
2
Suppose -4*v - m + 60 = 0, -4 - 4 = -2*m. What is the greatest common factor of 126 and v?
14
Let g(c) = 3*c**2 - 3*c. Let f be g(2). Suppose -5*t - 4 = 4*l, 3*l - 5*t = 2*l - 1. Let m be (93/21 + l)*7. Calculate the greatest common factor of f and m.
6
Let i(h) = -13*h - 10. Let v(s) = 14*s + 11. Let r(w) = -6*i(w) - 5*v(w). Let p be r(5). What is the greatest common factor of 5 and p?
5
Suppose -15 = 5*u + 2*r, 0 = -2*u + 7